 digit of b?
6
Suppose 3*j - 4*v = 8, 4*j - 2*v + 3*v - 17 = 0. Let o(p) = 245*p - 26. What is the hundreds digit of o(j)?
9
Let k(y) = -3*y**2 - y - 1166. Let u be k(0). Suppose 0 = -9*j + 4*j - 90. What is the units digit of u/j - 56/(-252)?
5
Let r = -148 - -142. What is the tens digit of -1*(r + 9) - -57*1?
5
Let m(k) = 1478*k - 5789. What is the hundreds digit of m(38)?
3
Suppose -5583 - 2524 = -10*l + 413. What is the tens digit of l?
5
Suppose 30*f + 2 = 32*f, 0 = 3*w + 4*f - 20557. What is the units digit of w?
1
Suppose 12*n = -5*n - 12121. Let w = n + 817. What is the tens digit of w?
0
Suppose -y - 6 + 5 = 0. Let s be 6 + 3 - (y - (-1 + 3)). What is the units digit of (s/18)/(2/69)?
3
Suppose -71 = -3*h - 11. What is the tens digit of 1209/5 - h/(-100)?
4
Let u(d) = -2715*d - 6075. What is the ten thousands digit of u(-26)?
6
Let m be ((-8)/5)/2*-215. Suppose 30*n + 6*n + 59 - 203 = 0. Suppose -4*q + n*u + 652 = 0, -m = -2*q + 5*u + 169. What is the tens digit of q?
5
Let v(r) = r**3 - 7*r**2 + 87. Let z = -376 + 386. What is the units digit of v(z)?
7
Let i be 2/(-4) - (-6)/((-24)/34). Let w be (21 - 1)*i/18. What is the tens digit of (-2)/10 + (-1002)/w?
0
Suppose 0 = 4*f - 4*q - 220, 3*q + q - 45 = -f. Let r = 834 - f. What is the hundreds digit of r?
7
Suppose 9*i - 24962 = -8933. Suppose -i = -2*n + k, 2592 = 4*n + 3*k - 955. What is the units digit of n?
9
Let g = 106 + -106. Suppose 2*h + 5*o - 1026 + 266 = 0, 4*h + o - 1484 = g. What is the units digit of h?
0
Let p = 244 - -400. Suppose 0 = -5*x + p + 1. Let v = -51 + x. What is the units digit of v?
8
Suppose 230*a - 211*a = 296343. What is the tens digit of a?
9
Let m = 92 + -90. Let s be (-260)/(-40) - 3/m. Suppose 3*r = -t - 15 + 69, -t = s*r - 52. What is the tens digit of t?
5
Suppose 8*v - 2*m - 9021 = 5*v, 4*v - 5*m = 12035. What is the hundreds digit of v?
0
Let w(k) = -155*k**3 + 17*k**2 + 34*k + 8. What is the tens digit of w(-2)?
4
Suppose -4*w = 935 - 15. Let h = w - -630. What is the tens digit of h?
0
Suppose -39*r - 50*r + 11*r = -41028. What is the tens digit of r?
2
Suppose 11*l + 4*a = 13*l - 28, -4*l + 4*a = -36. Suppose s + 1938 = l*s. What is the units digit of s?
6
What is the tens digit of 14895552/1120*((-9)/(-6) - -1)?
4
Let i = 2849 - 5250. What is the units digit of i/21*-6 + 2*2?
0
Suppose -6*d = -8*d + 12. Suppose 5209 = d*k + 2011. Suppose 2*h - 249 = -3*j, 3*h - j = -h + k. What is the hundreds digit of h?
1
Suppose -45 = 4*q - 209. Suppose -5*r + 0*r + 4*h = -66, -h - q = -3*r. Suppose -r = k - 165. What is the hundreds digit of k?
1
Suppose -27*v - 48*v = 36029 - 193979. What is the thousands digit of v?
2
Let k = 29 - 42. Let t(i) = -i**2 - 11*i + 22. Let c be t(k). What is the tens digit of (((-66)/c)/3)/(3/30)?
5
Suppose 5*y - 30657 = -4*q, 0 = -22*y + 23*y - 5. What is the thousands digit of q?
7
Let a = 4175 - -14234. What is the thousands digit of a?
8
Let k(y) = -74*y + 49*y + 52*y - 34 - 39. What is the tens digit of k(8)?
4
Let n(o) = 60*o + 68. What is the units digit of n(71)?
8
Let j = 105 - 66. Suppose 4*k - r - 844 = 0, -j = -k + 2*r + 179. Suppose k = -2*p + 5*p. What is the tens digit of p?
7
Let b(d) = 3 + 1 + 46*d - 4. Let a be b(8). Suppose -5*y + 4*h + a = 0, y + h + 3*h - 88 = 0. What is the tens digit of y?
7
Let a = 18286 - 8389. What is the hundreds digit of a?
8
Let k = -3 - -9. Let z be 0 + (1 + k - 2). Suppose -2*f + 508 = z*h, 3*h - f - 200 - 96 = 0. What is the tens digit of h?
0
Suppose -3*q = 3*y - 16191, 11*q - 4*q - 37771 = -3*y. What is the units digit of q?
5
Suppose -i - 1 = 4. What is the hundreds digit of (i - 8/3)*-27?
2
Let h be (4/(-12))/((-2)/18). Suppose 3*n = -1177 + 1282. Let u = n + h. What is the units digit of u?
8
Suppose 2*b - 357 - 859 = 0. Suppose 5*s + 760 = -2*l, 4*s - 2*l + 4*l + b = 0. Let f = -35 - s. What is the units digit of f?
7
Let o = 800 + -785. Suppose 2*x - 13634 = -o*x. What is the hundreds digit of x?
8
Suppose 0 = -10*q + 13*q. Suppose q = 4*w - 4*f - 28, -w - 2*w + 4*f + 23 = 0. Suppose 6 + 6 = 2*c + x, -c - 5 = -w*x. What is the units digit of c?
5
Let z = 76 + -9. Suppose -57 = -2*c + z. Suppose -5*x + 240 = 2*w, 5*x - 2*w - c - 198 = 0. What is the units digit of x?
0
Let b(d) = 44*d**2 - 201*d - 19. What is the thousands digit of b(22)?
6
Suppose 0 = -i + 7076 + 17822. What is the hundreds digit of i?
8
What is the thousands digit of (50013/12)/(81/(-36) - (-20)/8)?
6
Let l be (-118)/(-5) - 4/(-10). Let v(c) = -57654*c**2 + 18*c + 7*c + 7 + 57629*c**2 + 17*c + c**3 - 15*c. What is the tens digit of v(l)?
7
Suppose 2*g - 15 = -2*q + 5*q, 4*g = -4*q. Let h be 1*(g*9 + 5 + -2). Let p = 2 + h. What is the tens digit of p?
3
Suppose -3*p = 3*h - 6822, h - 1532 - 5294 = -3*p. What is the hundreds digit of p?
2
Let d = -2974 - -3091. Let l be 3/(-15) - 58/10. Let t = d + l. What is the hundreds digit of t?
1
What is the ten thousands digit of (-7)/2*(3 - 13)*(549 + -60)?
1
Let j = 63282 + -4587. What is the thousands digit of j?
8
Suppose 0 = 3*o + 2*z - 69904, 143 = -5*z + 153. What is the thousands digit of o?
3
Let x(s) = -40*s + 64. Let r(y) = 121*y - 193. Let t(g) = -2*r(g) - 7*x(g). Let h(i) = 13*i - 21. Let p(z) = -17*h(z) + 6*t(z). What is the tens digit of p(19)?
1
Let b be 3 - (-8 - -6 - -1). Suppose -5 = 19*c - 14*c. What is the units digit of b + (-63)/c + 1?
8
Let r be (2 + 5/(-2))/((-6)/48). What is the tens digit of (2024/(-4) - 2)*r/(-16)?
2
Let d(r) = -2*r**3 + 40*r**2 + 91*r. What is the tens digit of d(20)?
2
Let d(t) = 3724*t**2 + 25*t + 25. What is the tens digit of d(-1)?
2
Suppose v - 4*o - 40363 = 0, -v + 39*o = 41*o - 40357. What is the hundreds digit of v?
3
Let b = -41 - -46. Let d be (-18)/(-8) + 63/(-12) + b. Suppose 0 = 2*u - 2*f - 328, 164 = u + f + d*f. What is the units digit of u?
4
What is the tens digit of 6 + 15471 + -14 + (-9 - -3)?
5
Suppose 5*x + 177 = -4*o, 0*o + 2*o + 71 = x. Let i be o/4*(6 - -2). Let h = 107 + i. What is the units digit of h?
1
Suppose -7*g + 8*g = 20. Let k(b) = b - 29. Let n be k(g). What is the tens digit of 3/(n*(-1)/141)?
4
Let l = -1056 + 2283. Suppose v = -w + 1189, w = 5*v + l - 14. What is the units digit of w?
3
Let w be 2 - (-2 - (2 - 4)). Suppose 4*r = 5*q, 4*q + 0*q = w*r. Suppose -5*v - 141 + 1296 = q. What is the units digit of v?
1
Suppose 0 = -2*z, 4*u - 2231 - 2465 = -4*z. Let w = u - 257. What is the hundreds digit of w?
9
Suppose 5*s + 3*h = 8*h + 15, 6 = s - 2*h. What is the units digit of (562 - -2) + -3 + 3 - s?
4
Let g be 12/54 - (-8013)/27. Suppose 0 = -294*m + g*m - 504. What is the tens digit of m?
6
Suppose -16952 = -l - 3*y, 2*y - 18330 + 1382 = -l. What is the tens digit of l?
4
Suppose -24*q + 749426 + 221060 = 7*q. What is the thousands digit of q?
1
Let h(u) = -49*u + 4*u**2 - 65 - 11*u**2 - 26*u**2 - u**3. What is the hundreds digit of h(-32)?
4
Let l(d) be the first derivative of 7/2*d**2 - 16 + 2*d + 2*d**3. What is the hundreds digit of l(-5)?
1
What is the hundreds digit of ((-4)/(-40))/(15/114450)?
7
Suppose 3*m = -2*u + 8*m, -m = -3*u. Let r = u + 0. Suppose -2*a + r*a = -2*w - 192, 5*a - 473 = -2*w. What is the tens digit of a?
9
Let b(n) = -n**2 - 5*n + 5. Suppose 3*j - 5*v = -38, 6*j + 4*v = j - 14. Let s be b(j). Let l(o) = -82*o + 1. What is the tens digit of l(s)?
8
Let o = 13727 - -3345. What is the hundreds digit of o?
0
Suppose -11*b + 665 = -4*b. Suppose -m - 99 = -r + 2*m, -b = -r + m. What is the units digit of r?
3
Let k(b) be the third derivative of -8*b**6/15 - 3*b**4/8 - 3*b**3/2 - 8*b**2 + b. What is the tens digit of k(-2)?
2
Let s = 28 + -25. Let y be -4*3 - (-6 - (-9)/s). Let p(z) = -7*z - 14. What is the units digit of p(y)?
9
Suppose -24*w + 20*w = -4. Let y(i) = -i + 5*i**2 + 6*i - i - i + w. What is the hundreds digit of y(-5)?
1
Let k(t) = -2*t**3 + 108*t**2 + 76*t - 106. What is the units digit of k(53)?
0
Let i be 8/6*(-73 + 0 + 1). Let r = i - -74. Let v(z) = 2*z**2 + 42*z + 11. What is the units digit of v(r)?
5
Suppose 2548 = 4*l + 10*l. Let z = 106 + l. What is the tens digit of z?
8
What is the hundreds digit of 50731/8 - (-18 + (-2793)/(-152))?
3
Let m(a) = -13*a**3 - 6*a**2 - 12*a - 22. What is the tens digit of m(-6)?
4
Let y = -465 + 4